{"id":165,"date":"2026-03-09T11:24:33","date_gmt":"2026-03-09T11:24:33","guid":{"rendered":"https:\/\/dev.tv-verl.de\/?page_id=165"},"modified":"2026-03-23T10:30:30","modified_gmt":"2026-03-23T10:30:30","slug":"tv-verl","status":"publish","type":"page","link":"https:\/\/dev.tv-verl.de\/index.php\/tv-verl\/","title":{"rendered":"Unsere Geschichte"},"content":{"rendered":"<div id=\"tdi_1\" class=\"tdc-zone\"><div class=\"tdc_zone tdi_2  wpb_row td-pb-row\"  >\n<style scoped>\n\/* custom css - generated by TagDiv Composer *\/\n\n\/* custom css - generated by TagDiv Composer *\/\n.tdi_2{\r\n                    min-height: 0;\r\n                }\n<\/style><div id=\"tdi_3\" class=\"tdc-row\"><div class=\"vc_row tdi_4  wpb_row td-pb-row\" >\n<style scoped>\n\/* custom css - generated by TagDiv Composer *\/\n\n\/* custom css - generated by TagDiv Composer *\/\n.tdi_4,\r\n                .tdi_4 .tdc-columns{\r\n                    min-height: 0;\r\n                }.tdi_4,\r\n\t\t\t\t.tdi_4 .tdc-columns{\r\n\t\t\t\t    display: block;\r\n\t\t\t\t}.tdi_4 .tdc-columns{\r\n\t\t\t\t    width: 100%;\r\n\t\t\t\t}.tdi_4:before,\r\n\t\t\t\t.tdi_4:after{\r\n\t\t\t\t    display: table;\r\n\t\t\t\t}\n<\/style><div class=\"vc_column tdi_6  wpb_column vc_column_container tdc-column td-pb-span12\">\n<style scoped>\n\/* custom css - generated by TagDiv Composer *\/\n\n\/* custom css - generated by TagDiv Composer *\/\n.tdi_6{\r\n                    vertical-align: baseline;\r\n                }.tdi_6 > .wpb_wrapper,\r\n\t\t\t\t.tdi_6 > .wpb_wrapper > .tdc-elements{\r\n\t\t\t\t    display: block;\r\n\t\t\t\t}.tdi_6 > .wpb_wrapper > .tdc-elements{\r\n\t\t\t\t    width: 100%;\r\n\t\t\t\t}.tdi_6 > .wpb_wrapper > .vc_row_inner{\r\n\t\t\t\t    width: auto;\r\n\t\t\t\t}.tdi_6 > .wpb_wrapper{\r\n\t\t\t\t    width: auto;\r\n\t\t\t\t    height: auto;\r\n\t\t\t\t}\n<\/style><div class=\"wpb_wrapper\" ><div class=\"wpb_wrapper td_block_empty_space td_block_wrap vc_empty_space tdi_8 \"  style=\"height: 32px\"><\/div><div class=\"td_block_wrap tdb_title tdi_9 tdb-page-title td-pb-border-top td_block_template_1\"  data-td-block-uid=\"tdi_9\" >\n<style>\n\/* custom css - generated by TagDiv Composer *\/\n.tdb_title{\r\n                  margin-bottom: 19px;\r\n                }.tdb_title.tdb-content-horiz-center{\r\n                  text-align: center;\r\n                }.tdb_title.tdb-content-horiz-center .tdb-title-line{\r\n                  margin: 0 auto;\r\n                }.tdb_title.tdb-content-horiz-right{\r\n                  text-align: right;\r\n                }.tdb_title.tdb-content-horiz-right .tdb-title-line{\r\n                  margin-left: auto;\r\n                  margin-right: 0;\r\n                }.tdb-title-text{\r\n                  display: inline-block;\r\n                  position: relative;\r\n                  margin: 0;\r\n                  word-wrap: break-word;\r\n                  font-size: 30px;\r\n                  line-height: 38px;\r\n                  font-weight: 700;\r\n                }.tdb-first-letter{\r\n                  position: absolute;\r\n                  -webkit-user-select: none;\r\n                  user-select: none;\r\n                  pointer-events: none;\r\n                  text-transform: uppercase;\r\n                  color: rgba(0, 0, 0, 0.08);\r\n                  font-size: 6em;\r\n                  font-weight: 300;\r\n                  top: 50%;\r\n                  -webkit-transform: translateY(-50%);\r\n                  transform: translateY(-50%);\r\n                  left: -0.36em;\r\n                  z-index: -1;\r\n                  -webkit-text-fill-color: initial;\r\n                }.tdb-title-line{\r\n                  display: none;\r\n                  position: relative;\r\n                }.tdb-title-line:after{\r\n                  content: '';\r\n                  width: 100%;\r\n                  position: absolute;\r\n                  background-color: var(--td_theme_color, #4db2ec);\r\n                  top: 0;\r\n                  left: 0;\r\n                  margin: auto;\r\n                }.tdi_9 .tdb-title-line:after{\r\n\t\t\t\t\theight: 2px;\r\n\t\t\t\t\r\n\t\t\t\t\tbottom: 40%;\r\n\t\t\t\t}.tdi_9 .tdb-title-line{\r\n\t\t\t\t\theight: 50px;\r\n\t\t\t\t}.td-theme-wrap .tdi_9{\r\n\t\t\t\t\ttext-align: left;\r\n\t\t\t\t}.tdi_9 .tdb-first-letter{\r\n\t\t\t\t\tleft: -0.36em;\r\n\t\t\t\t\tright: auto;\r\n\t\t\t\t}\n<\/style><div class=\"tdb-block-inner td-fix-index\"><h1 class=\"tdb-title-text\">Sample Page Title<\/h1><div><\/div><div class=\"tdb-title-line\"><\/div><\/div><\/div><div class=\"wpb_wrapper td_block_empty_space td_block_wrap vc_empty_space tdi_11 \"  style=\"height: 32px\"><\/div><div class=\"td_block_wrap td_block_text_with_title tdi_12 tagdiv-type td-pb-border-top td_block_template_1\"  data-td-block-uid=\"tdi_12\" >\n<style>\n\/* custom css - generated by TagDiv Composer *\/\n.td_block_text_with_title{\r\n                  margin-bottom: 44px;\r\n                  -webkit-transform: translateZ(0);\r\n                  transform: translateZ(0);\r\n                }.td_block_text_with_title p:last-child{\r\n                  margin-bottom: 0;\r\n                }\n<\/style><div class=\"td-block-title-wrap\"><\/div><div class=\"td_mod_wrap td-fix-index\"><p>Der Turnverein von 1912 Verl e.V. ist mit \u00fcber 3.300 Mitgliedern und mit etwa 30 verschiedenen Sportarten der gr\u00f6\u00dfte Sportanbieter im Kreis G\u00fctersloh.\u00a0<\/p>\n<p><strong>Historie<\/strong><\/p>\n<h2 class=\"wp-block-heading\">Kurz und knapp \u2013 <br \/>Unsere Geschichte<\/h2>\n<p>Die nachfolgenden Ausf\u00fchrungen basieren vor allem auf der Vereinschronik des TV Verl, die 1978 aus Anlass des 75-j\u00e4hrigen Bestehens von unserem Vereinskameraden Wilfried Behrendt zusammengestellt wurde. Das komplette Werk kann im Vereinsarchiv der Gesch\u00e4ftsstelle des TV Verl eingesehen werden.<\/p>\n<p>\u00a0<\/p>\n<\/div><\/div><div class=\"tdm_block td_block_wrap tdm_block_column_content tdi_13 tdm-content-horiz-left td-pb-border-top td_block_template_1\"  data-td-block-uid=\"tdi_13\" >\n<style>\n\/* custom css - generated by TagDiv Composer *\/\n.tdm_block_column_content .tdm-image-holder{\r\n                  position: relative;\r\n                  display: block;\r\n                  height: 0;\r\n                  margin-bottom: 24px;\r\n                  padding-bottom: 70%;\r\n                }.tdm_block_column_content .tdm-image-holder:hover .tdm-hover-img{\r\n                  opacity: 1;\r\n                }.tdm_block_column_content .tdm-image-holder > div{\r\n                  position: absolute;\r\n                  top: 0;\r\n                  left: 0;\r\n                  width: 100%;\r\n                  height: 100%;\r\n                  background-repeat: no-repeat;\r\n                  background-position: center center;\r\n                  background-size: cover;\r\n                }.tdm_block_column_content .tdm-hover-img{\r\n                  opacity: 0;\r\n                  -webkit-transition: all 0.4s ease-in-out;\r\n                  transition: all 0.4s ease-in-out;\r\n                }.tdm_block_column_content:hover .tdm-col-content-title-url .tdm-title{\r\n                  color: var(--td_theme_color, #4db2ec);\r\n                }.tdm_block_column_content .tdm-title-xxsm,\r\n                .tdm_block_column_content .tdm-title-xsm{\r\n                  margin-bottom: 20px;\r\n                }.tdm_block_column_content .tdm-title-md{\r\n                  margin-bottom: 14px;\r\n                }.tdm_block_column_content .tdm-title-bg{\r\n                  margin-bottom: 16px;\r\n                }.tdm_block_column_content .tdm-descr{\r\n                  margin-bottom: 0;\r\n                }.tdm_block_column_content .tds-button{\r\n                  margin-top: 25px;\r\n                }@media (max-width: 767px) {\r\n                  .tdm_block_column_content .tdm-image-holder {\r\n                    margin-bottom: 14px;\r\n                  }\r\n                }\n<\/style><a href=\"#\" aria-label=\"image\" class=\"tdm-image-holder\" target=\"_blank\" ><div class=\"tdm-active-img\" style=\"background-image: url(https:\/\/dev.tv-verl.de\/wp-content\/uploads\/2026\/03\/Vereinsfahne-TV-Verl.jpg)\"><\/div><div class=\"tdm-hover-img\" style=\"background-image: url(https:\/\/dev.tv-verl.de\/wp-content\/plugins\/td-composer\/assets\/images\/placeholders\/thumb_02.jpg)\"><\/div><\/a><div class=\"tdm-col-content-info\"><a href=\"#\" target=\"_blank\"  class=\"tdm-col-content-title-url\"><\/a><p class=\"tdm-descr td-fix-index\">1922 wurde das Gemeinschaftsgef\u00fchl durch eine eigene Vereinsfahne auch nach au\u00dfen hin demonstriert. Vorbild und Fotomotiv war einmal mehr \u201eTurnvater\u201c Friedrich Ludwig Jahn, der auch die deutsche Turnbewegung initiierte.<\/p><\/div><\/div><div class=\"td_block_wrap td_block_text_with_title tdi_14 tagdiv-type td-pb-border-top td_block_template_1\"  data-td-block-uid=\"tdi_14\" ><div class=\"td-block-title-wrap\"><\/div><div class=\"td_mod_wrap td-fix-index\"><p><strong>Zu \u201eKaisers Geburtstag\u201c die ersten Turnversuche<\/strong><\/p>\n<p>Im Januar 1912 trafen sich auf Initiative von Johann Henkenjohann turnbegeisterte Verler in der Gastst\u00e4tte Blankemeyer zum gemeinsamen Sport und gr\u00fcndeten unmittelbar darauf den \u201eTurnverein Deutsche Jugendkraft\u201c.<\/p>\n<p><strong>Ausbruch des Krieges<\/strong><\/p>\n<p>Niemand ahnte zu dieser Zeit, dass aus der eingeschworenen Gemeinschaft nur 17 Turner das Ende des 1. Weltkrieges erlebten. W\u00e4hrend der Dauer des Krieges ruhte das Vereinsleben.<\/p>\n<p><strong>Die entbehrungsreiche Zeit<\/strong><\/p>\n<p>Am 21. April 1919 traf man sich, um den Verein Deutsche Jugendkraft wieder zu beleben. Die Aufbauarbeiten waren anfangs schwierig, da die allgemeine Inflation sich auch auf den Turnverein auswirkte. Dennoch ging es langsam aber stetig wieder aufw\u00e4rts.<\/p>\n<p>1922 wurde das Gemeinschaftsgef\u00fchl durch eine eigene Vereinsfahne auch nach au\u00dfen hin demonstriert.<\/p>\n<p>Am. 6. September 1923 beschloss man, die erste Damenriege ins Leben zu rufen. Es dauerte jedoch weitere 7 Jahre, bis dieser Beschlu\u00df auch wirklich in die Tat umgesetzt wurde. 1932 wurde auf einer au\u00dferordentlichen Generalversammlung dem Turnverein ein neuer Name gegeben, der bis heute bestand hat.<\/p>\n<p><strong>Die Zeit des Nationalsozialismus<\/strong><\/p>\n<p>Mit der Machtergreifung der NSDAP 1933 begann eine grundlegende Umgestaltung der deutschen Turnbewegung. Auch der TV Verl blieb davon nicht unber\u00fchrt. Im Rahmen der sogenannten Gleichschaltung wurden Ehren\u00e4mtern nach den Richtlinien der neuen Regierung verteilt und Mitglieder entsprechend der Ideologie aufgenommen bzw. ausgeschlossen.<\/p>\n<p>Ab Oktober 1938 war eine Aus\u00fcbung des Turnsports nicht mehr m\u00f6glich, da die hierf\u00fcr genutzte Sch\u00fctzenhalle zum Getreidelager umfunktioniert wurde. Die ersten Vorboten des bevorstehenden Krieges zeichneten sich ab. Anfang September 1939 begann dann der verheerende 2. Weltkrieg, aus dem 33 Verler Turner nicht mehr heimkehrten<\/p>\n<p><strong>Der Wiederanfang<\/strong><\/p>\n<p>Erst 1951 wurde der Turnbetrieb in der alten Sch\u00fctzenhalle in Verl wieder aufgenommen. Der stetige Aufw\u00e4rtstrend der Turnerschaft erreichte einen H\u00f6hepunkt in dem Kreisturnfest 1956, das zum ersten Mal vom TV Verl ausgerichtet wurde. 1960 konnte endlich die langersehnte Turnhalle f\u00fcr die Verler Bev\u00f6lkerung eingeweiht werden. Im Laufe der Zeit kamen weitere Sportst\u00e4tten hinzu, so da\u00df die Gruppenanzahl und \u2013 st\u00e4rkte im TV Verl kontinuierlich wuchs. Ende 1971 lag der Mitgliederbestand bei 1 164 Personen.<\/p>\n<p><strong>Aufbruch in neue Dimensionen<\/strong><\/p>\n<p>Anfang der siebziger Jahre erlebte die bis dahin noch \u00fcberschaubare Turnerfamilie eine explosionsartige Entwicklung. In der Hauptversammlung am 15. M\u00e4rz 1975 konnte das 1 500. Mitglied begr\u00fc\u00dft werden.<\/p>\n<p>Den wachsenden Anforderungen wurde durch eine Neustrukturierung und Ver\u00e4nderung der Organisationsformen Rechnung getragen. Die Professionalisierung des Vereinslebens schritt langsam, aber kontinuierlich voran. Die Mitgliederverwaltung wurde seit 1976 \u00fcber EDV abgewickelt, eine Gesch\u00e4ftsstelle als Anlaufpunkt 1985 eingerichtet, und zu den vielen ehrenamtlichen Helfern kamen hauptamtliche Kr\u00e4fte hinzu. Bis heute haben sich \u00fcber 3 400 Mitglieder f\u00fcr den TV Verl entschieden, um das reichhaltige, sportliche und gesellige Angebot zu nutzen.<\/p>\n<\/div><\/div><div class=\"tdm_block td_block_wrap tdm_block_column_content tdi_15 tdm-content-horiz-left td-pb-border-top td_block_template_1\"  data-td-block-uid=\"tdi_15\" ><a href=\"#\" aria-label=\"image\" class=\"tdm-image-holder\" target=\"_blank\" ><div class=\"tdm-active-img\" style=\"background-image: url(https:\/\/dev.tv-verl.de\/wp-content\/uploads\/2026\/03\/Sporticus.jpg)\"><\/div><div class=\"tdm-hover-img\" style=\"background-image: url(https:\/\/dev.tv-verl.de\/wp-content\/plugins\/td-composer\/assets\/images\/placeholders\/thumb_02.jpg)\"><\/div><\/a><div class=\"tdm-col-content-info\"><a href=\"#\" target=\"_blank\"  class=\"tdm-col-content-title-url\"><\/a><p class=\"tdm-descr td-fix-index\">Tausendf\u00fc\u00dfler \u201eSporticus\u201c fungiert schon seit vielen Jahren als \u201eMaskottchen\u201c des TV Verldeutsche Turnbewegung initiierte.<\/p><\/div><\/div><div class=\"wpb_wrapper td_block_separator td_block_wrap vc_separator tdi_17  td_separator_solid td_separator_center\"><span style=\"border-color:#EBEBEB;border-width:1px;width:100%;\"><\/span>\n<style scoped>\n\/* custom css - generated by TagDiv Composer *\/\n\n\/* custom css - generated by TagDiv Composer *\/\n.td_block_separator{\r\n                  width: 100%;\r\n                  align-items: center;\r\n                  margin-bottom: 38px;\r\n                  padding-bottom: 10px;\r\n                }.td_block_separator span{\r\n                  position: relative;\r\n                  display: block;\r\n                  margin: 0 auto;\r\n                  width: 100%;\r\n                  height: 1px;\r\n                  border-top: 1px solid #EBEBEB;\r\n                }.td_separator_align_left span{\r\n                  margin-left: 0;\r\n                }.td_separator_align_right span{\r\n                  margin-right: 0;\r\n                }.td_separator_dashed span{\r\n                  border-top-style: dashed;\r\n                }.td_separator_dotted span{\r\n                  border-top-style: dotted;\r\n                }.td_separator_double span{\r\n                  height: 3px;\r\n                  border-bottom: 1px solid #EBEBEB;\r\n                }.td_separator_shadow > span{\r\n                  position: relative;\r\n                  height: 20px;\r\n                  overflow: hidden;\r\n                  border: 0;\r\n                  color: #EBEBEB;\r\n                }.td_separator_shadow > span > span{\r\n                  position: absolute;\r\n                  top: -30px;\r\n                  left: 0;\r\n                  right: 0;\r\n                  margin: 0 auto;\r\n                  height: 13px;\r\n                  width: 98%;\r\n                  border-radius: 100%;\r\n                }html :where([style*='border-width']){\r\n                    border-style: none;\r\n                }\n<\/style><\/div><div class=\"wpb_wrapper td_block_empty_space td_block_wrap vc_empty_space tdi_19 \"  style=\"height: 32px\"><\/div><\/div><\/div><\/div><\/div><\/div><\/div>","protected":false},"excerpt":{"rendered":"","protected":false},"author":1,"featured_media":0,"parent":0,"menu_order":0,"comment_status":"closed","ping_status":"closed","template":"","meta":{"footnotes":""},"class_list":["post-165","page","type-page","status-publish"],"_links":{"self":[{"href":"https:\/\/dev.tv-verl.de\/index.php\/wp-json\/wp\/v2\/pages\/165","targetHints":{"allow":["GET"]}}],"collection":[{"href":"https:\/\/dev.tv-verl.de\/index.php\/wp-json\/wp\/v2\/pages"}],"about":[{"href":"https:\/\/dev.tv-verl.de\/index.php\/wp-json\/wp\/v2\/types\/page"}],"author":[{"embeddable":true,"href":"https:\/\/dev.tv-verl.de\/index.php\/wp-json\/wp\/v2\/users\/1"}],"replies":[{"embeddable":true,"href":"https:\/\/dev.tv-verl.de\/index.php\/wp-json\/wp\/v2\/comments?post=165"}],"version-history":[{"count":6,"href":"https:\/\/dev.tv-verl.de\/index.php\/wp-json\/wp\/v2\/pages\/165\/revisions"}],"predecessor-version":[{"id":343,"href":"https:\/\/dev.tv-verl.de\/index.php\/wp-json\/wp\/v2\/pages\/165\/revisions\/343"}],"wp:attachment":[{"href":"https:\/\/dev.tv-verl.de\/index.php\/wp-json\/wp\/v2\/media?parent=165"}],"curies":[{"name":"wp","href":"https:\/\/api.w.org\/{rel}","templated":true}]}}